{"id":20,"date":"2024-01-30T15:03:16","date_gmt":"2024-01-30T14:03:16","guid":{"rendered":"http:\/\/piumacu.cluster029.hosting.ovh.net\/?page_id=20"},"modified":"2024-04-02T14:57:19","modified_gmt":"2024-04-02T12:57:19","slug":"ateliers-de-codeveloppement","status":"publish","type":"page","link":"https:\/\/piuma-conseil.fr\/index.php\/ateliers-de-codeveloppement\/","title":{"rendered":"Ateliers de Cod\u00e9veloppement"},"content":{"rendered":"\n<div class=\"wp-block-cover alignfull\" style=\"min-height:453px;aspect-ratio:unset;\"><span aria-hidden=\"true\" class=\"wp-block-cover__background has-background-dim\"><\/span><img loading=\"lazy\" decoding=\"async\" width=\"1920\" height=\"1529\" class=\"wp-block-cover__image-background wp-image-81\" alt=\"\" src=\"http:\/\/piumacu.cluster029.hosting.ovh.net\/wp-content\/uploads\/2024\/01\/Design-sans-titre-1.png\" style=\"object-position:21% 31%\" data-object-fit=\"cover\" data-object-position=\"21% 31%\" srcset=\"https:\/\/piuma-conseil.fr\/wp-content\/uploads\/2024\/01\/Design-sans-titre-1.png 1920w, https:\/\/piuma-conseil.fr\/wp-content\/uploads\/2024\/01\/Design-sans-titre-1-300x239.png 300w, https:\/\/piuma-conseil.fr\/wp-content\/uploads\/2024\/01\/Design-sans-titre-1-1024x815.png 1024w, https:\/\/piuma-conseil.fr\/wp-content\/uploads\/2024\/01\/Design-sans-titre-1-768x612.png 768w, https:\/\/piuma-conseil.fr\/wp-content\/uploads\/2024\/01\/Design-sans-titre-1-1536x1223.png 1536w, https:\/\/piuma-conseil.fr\/wp-content\/uploads\/2024\/01\/Design-sans-titre-1-1568x1249.png 1568w\" sizes=\"auto, (max-width: 1920px) 100vw, 1920px\" \/><div class=\"wp-block-cover__inner-container is-layout-constrained wp-block-cover-is-layout-constrained\">\n<h1 class=\"wp-block-heading alignwide has-text-align-center\" style=\"font-size:63px;font-style:normal;font-weight:700\">D\u00e9velopper l&rsquo;intelligence collective<\/h1>\n<\/div><\/div>\n\n\n\n<h2 class=\"wp-block-heading alignwide has-text-align-center has-gray-color has-white-background-color has-text-color has-background has-link-color wp-elements-490d34aa56fb7f5e21ab790e0301f367\" style=\"font-size:24px\">Le Cod\u00e9veloppement est une <strong>m\u00e9thode de r\u00e9solution de probl\u00e9matiques professionnelles entre pairs<\/strong>. Cette m\u00e9thode permet de d\u00e9velopper l&rsquo;intelligence collective en entreprise&nbsp; en s\u2019appuyant sur des situations r\u00e9elles et en profitant de la multiplicit\u00e9 des regards. Cette m\u00e9thode d\u00e9veloppe l&rsquo;entraide, l&rsquo;\u00e9coute, le parler vrai, la prise de recul et permet \u00e0 chacun d&rsquo;\u00eatre acteur.<\/h2>\n\n\n\n<div class=\"wp-block-group\"><div class=\"wp-block-group__inner-container is-layout-constrained wp-block-group-is-layout-constrained\">\n<div class=\"wp-block-group alignwide is-vertical is-layout-flex wp-container-core-group-is-layout-8cf370e7 wp-block-group-is-layout-flex\">\n<p class=\"has-text-align-center has-white-background-color has-background has-normal-font-size\">Ces ateliers s\u2019organisent autour d\u2019un petit groupe de pairs&nbsp;:<\/p>\n\n\n\n<ul class=\"has-gray-color has-white-background-color has-text-color has-background has-link-color has-normal-font-size wp-block-list wp-elements-fe9c54dc57353a45517506c90eb342ac\">\n<li class=\"has-normal-font-size\"><strong>le client<\/strong>: porteur de la probl\u00e9matique<\/li>\n\n\n\n<li class=\"has-normal-font-size\"><strong>les consultants<\/strong>: les pairs consult\u00e9s<\/li>\n\n\n\n<li class=\"has-normal-font-size\"><strong>le facilitateur<\/strong>: gardien du cadre et des r\u00e8gles et facilitateur du d\u00e9roul\u00e9 de la s\u00e9ance<\/li>\n\n\n\n<li class=\"has-normal-font-size\">Selon la probl\u00e9matique apport\u00e9e, la dur\u00e9e recommand\u00e9e de la s\u00e9ance est d\u20191h30 \u00e0 3h.<\/li>\n<\/ul>\n<\/div>\n<\/div><\/div>\n","protected":false},"excerpt":{"rendered":"<p>Le Cod\u00e9veloppement est une m\u00e9thode de r\u00e9solution de probl\u00e9matiques professionnelles entre pairs. Cette m\u00e9thode permet de d\u00e9velopper l&rsquo;intelligence collective en entreprise&nbsp; en s\u2019appuyant sur des situations r\u00e9elles et en profitant de la multiplicit\u00e9 des regards. Cette m\u00e9thode d\u00e9veloppe l&rsquo;entraide, l&rsquo;\u00e9coute, le parler vrai, la prise de recul et permet \u00e0 chacun d&rsquo;\u00eatre acteur. Ces ateliers&hellip; <a class=\"more-link\" href=\"https:\/\/piuma-conseil.fr\/index.php\/ateliers-de-codeveloppement\/\">Poursuivre la lecture <span class=\"screen-reader-text\">Ateliers de Cod\u00e9veloppement<\/span><\/a><\/p>\n","protected":false},"author":1,"featured_media":0,"parent":0,"menu_order":0,"comment_status":"closed","ping_status":"closed","template":"","meta":{"footnotes":""},"class_list":["post-20","page","type-page","status-publish","hentry","entry"],"_links":{"self":[{"href":"https:\/\/piuma-conseil.fr\/index.php\/wp-json\/wp\/v2\/pages\/20","targetHints":{"allow":["GET"]}}],"collection":[{"href":"https:\/\/piuma-conseil.fr\/index.php\/wp-json\/wp\/v2\/pages"}],"about":[{"href":"https:\/\/piuma-conseil.fr\/index.php\/wp-json\/wp\/v2\/types\/page"}],"author":[{"embeddable":true,"href":"https:\/\/piuma-conseil.fr\/index.php\/wp-json\/wp\/v2\/users\/1"}],"replies":[{"embeddable":true,"href":"https:\/\/piuma-conseil.fr\/index.php\/wp-json\/wp\/v2\/comments?post=20"}],"version-history":[{"count":26,"href":"https:\/\/piuma-conseil.fr\/index.php\/wp-json\/wp\/v2\/pages\/20\/revisions"}],"predecessor-version":[{"id":400,"href":"https:\/\/piuma-conseil.fr\/index.php\/wp-json\/wp\/v2\/pages\/20\/revisions\/400"}],"wp:attachment":[{"href":"https:\/\/piuma-conseil.fr\/index.php\/wp-json\/wp\/v2\/media?parent=20"}],"curies":[{"name":"wp","href":"https:\/\/api.w.org\/{rel}","templated":true}]}}