{"id":18,"date":"2024-01-30T15:03:16","date_gmt":"2024-01-30T14:03:16","guid":{"rendered":"http:\/\/piumacu.cluster029.hosting.ovh.net\/?page_id=18"},"modified":"2026-03-12T10:34:01","modified_gmt":"2026-03-12T09:34:01","slug":"bilans-de-competences","status":"publish","type":"page","link":"https:\/\/piuma-conseil.fr\/index.php\/bilans-de-competences\/","title":{"rendered":"Bilan de comp\u00e9tences"},"content":{"rendered":"\n<div class=\"wp-block-cover alignfull is-light\" style=\"min-height:797px;aspect-ratio:unset;\"><img loading=\"lazy\" decoding=\"async\" width=\"1920\" height=\"1280\" class=\"wp-block-cover__image-background wp-image-74\" alt=\"\" src=\"http:\/\/piumacu.cluster029.hosting.ovh.net\/wp-content\/uploads\/2024\/01\/Design-sans-titre.png\" style=\"object-position:54% 65%\" data-object-fit=\"cover\" data-object-position=\"54% 65%\" srcset=\"https:\/\/piuma-conseil.fr\/wp-content\/uploads\/2024\/01\/Design-sans-titre.png 1920w, https:\/\/piuma-conseil.fr\/wp-content\/uploads\/2024\/01\/Design-sans-titre-300x200.png 300w, https:\/\/piuma-conseil.fr\/wp-content\/uploads\/2024\/01\/Design-sans-titre-1024x683.png 1024w, https:\/\/piuma-conseil.fr\/wp-content\/uploads\/2024\/01\/Design-sans-titre-768x512.png 768w, https:\/\/piuma-conseil.fr\/wp-content\/uploads\/2024\/01\/Design-sans-titre-1536x1024.png 1536w, https:\/\/piuma-conseil.fr\/wp-content\/uploads\/2024\/01\/Design-sans-titre-1568x1045.png 1568w\" sizes=\"auto, (max-width: 1920px) 100vw, 1920px\" \/><span aria-hidden=\"true\" class=\"wp-block-cover__background has-background-dim-40 has-background-dim\"><\/span><div class=\"wp-block-cover__inner-container is-layout-constrained wp-block-cover-is-layout-constrained\">\n<h1 class=\"wp-block-heading alignwide has-text-align-center\" style=\"font-size:63px;font-style:normal;font-weight:700\"><strong>R\u00e9v\u00e9lez vos talents et retrouvez votre puissance d&rsquo;agir<\/strong><\/h1>\n<\/div><\/div>\n\n\n\n<div class=\"wp-block-group alignwide is-vertical is-content-justification-center is-layout-flex wp-container-core-group-is-layout-4b2eccd6 wp-block-group-is-layout-flex\">\n<div class=\"wp-block-group alignwide is-vertical is-content-justification-center is-layout-flex wp-container-core-group-is-layout-4b2eccd6 wp-block-group-is-layout-flex\">\n<h2 class=\"wp-block-heading alignwide has-text-align-center\">Vous souhaitez :<\/h2>\n\n\n\n<ul class=\"wp-block-list\">\n<li class=\"has-large-font-size\">Retrouver <strong>sens et plaisir<\/strong> au travail?<\/li>\n\n\n\n<li class=\"has-large-font-size\">Regagner <strong>confiance en vous<\/strong> et <strong>en vos comp\u00e9tences<\/strong>?<\/li>\n\n\n\n<li class=\"has-large-font-size\">Envisager une <strong>\u00e9volution professionnelle<\/strong>?<\/li>\n\n\n\n<li class=\"has-large-font-size\">D\u00e9finir un <strong>nouveau projet professionnel<\/strong>?<\/li>\n<\/ul>\n<\/div>\n<\/div>\n\n\n\n<div class=\"wp-block-group alignwide is-vertical is-layout-flex wp-container-core-group-is-layout-8cf370e7 wp-block-group-is-layout-flex\">\n<p class=\"has-text-align-center\" style=\"font-size:20px\"><strong>Un bilan personnalis\u00e9 centr\u00e9 sur votre besoin <\/strong>dont voici les diff\u00e9rentes \u00e9tapes:<\/p>\n\n\n\n<ul class=\"wp-block-list\">\n<li style=\"font-size:20px\">Analyse de votre demande et du besoin et \u00e9laboration de la m\u00e9thodologie la plus adapt\u00e9e analyse du votre parcours, de vos motivations, vos centres d\u2019int\u00e9r\u00eats, votre personnalit\u00e9 et de vos comp\u00e9tences. <\/li>\n\n\n\n<li style=\"font-size:20px\">Exploration de diff\u00e9rentes pistes. D\u00e9finition de votre projet et validation au regard du march\u00e9. <\/li>\n\n\n\n<li style=\"font-size:20px\">\u00c9laboration d\u2019un plan d\u2019actions et synth\u00e8se. Entretien \u00e0 6 mois<\/li>\n<\/ul>\n<\/div>\n\n\n\n<div class=\"wp-block-group alignwide is-style-twentytwentyone-border is-content-justification-left is-layout-flex wp-container-core-group-is-layout-76ea2f42 wp-block-group-is-layout-flex\">\n<p class=\"has-text-align-left has-gray-color has-white-background-color has-text-color has-background has-link-color has-normal-font-size wp-elements-81dafd1a80ec4fe313ecd970ea10f8fc\"><strong>Approche humaniste,<\/strong> posture et outils de coaching professionnel pour <strong>favoriser l\u2019\u00e9closion d\u2019un projet professionnel r\u00e9aliste et r\u00e9alisable<\/strong>. <\/p>\n\n\n\n<p class=\"has-text-align-center has-gray-color has-white-background-color has-text-color has-background has-link-color has-normal-font-size wp-elements-0b4d82c77d5ad5cd2a50395ebc908145\">Espace d\u2019<strong>\u00e9coute bienveillante, empathique, authentique mais aussi stimulante, <\/strong>et garantissant la <strong>confidentialit\u00e9 <\/strong>des \u00e9changes.<\/p>\n\n\n\n<p class=\"has-text-align-right has-gray-color has-white-background-color has-text-color has-background has-link-color has-normal-font-size wp-elements-94376606d58b717c4f6b78aec82c9d23\"><strong>Connaissance approfondie du monde de l\u2019entreprise, de l\u2019entreprenariat<\/strong> et du <strong>march\u00e9 du travail<\/strong> et apport d\u2019outils de connaissance de soi<\/p>\n<\/div>\n\n\n\n<div class=\"wp-block-group alignwide is-layout-flex wp-block-group-is-layout-flex\">\n<p class=\"has-text-align-left has-gray-color has-white-background-color has-text-color has-background has-link-color wp-elements-91b59abeabae77901256799951b30129\" style=\"font-size:20px\"><strong>Pour qui?<\/strong> Tous les actifs: Salari\u00e9, fonctionnaire, demandeur d\u2019emploi, ind\u00e9pendant<\/p>\n\n\n\n<p class=\"has-gray-color has-white-background-color has-text-color has-background has-link-color wp-elements-45788b94d54a4fce56c1598983d12060\" style=\"font-size:20px\"><strong>Pour quelle dur\u00e9e? <\/strong>15h d\u2019entretiens individuels et personnalis\u00e9s en pr\u00e9sentiel \u00e0 Dijon, dans un espace assurant toute la confidentialit\u00e9 et le confort des \u00e9changes, et\/ou en visio, sur environ 4 mois. Un RDV de suivi \u00e0 6 mois est programm\u00e9<\/p>\n<\/div>\n\n\n\n<div class=\"wp-block-group alignwide is-vertical is-layout-flex wp-container-core-group-is-layout-8cf370e7 wp-block-group-is-layout-flex\">\n<p class=\"has-gray-color has-white-background-color has-text-color has-background has-link-color wp-elements-40b49db0057a35efa193f7f7ebf75d13\" style=\"font-size:20px\"><strong>Quel financement?<\/strong> Le bilan est <strong>\u00e9ligible au CPF<\/strong> selon la r\u00e9glementation en vigueur. A noter que depuis le nouveau d\u00e9cret de f\u00e9vrier 2026, le financement CPF pour un bilan de comp\u00e9tences est plafonn\u00e9 \u00e0 1.600\u20ac. Il peut \u00e9galement \u00eatre financ\u00e9 ou cofinanc\u00e9 par votre employeur, un OPCO, France travail ou par vous-m\u00eame. <strong>Prix du bilan : 1.900 euros<\/strong> <br><\/p>\n\n\n\n<p class=\"has-text-align-center has-dark-gray-color has-text-color has-link-color has-normal-font-size wp-elements-77c35bcbcf05c9b2b7f1b2c14ccfc1cf\">Notre organisme, certifi\u00e9 Qualiopi, vous accompagne dans l\u2019analyse de votre situation et dans vos d\u00e9marches de mobilisation des financements.<\/p>\n<\/div>\n\n\n\n<div class=\"wp-block-group is-nowrap is-layout-flex wp-container-core-group-is-layout-ad2f72ca wp-block-group-is-layout-flex\"><div class=\"wp-block-image\">\n<figure class=\"aligncenter size-full is-resized\"><img loading=\"lazy\" decoding=\"async\" width=\"313\" height=\"184\" src=\"http:\/\/piumacu.cluster029.hosting.ovh.net\/wp-content\/uploads\/2024\/06\/Qualiopi-Capture.png\" alt=\"\" class=\"wp-image-420\" style=\"width:293px;height:auto\" srcset=\"https:\/\/piuma-conseil.fr\/wp-content\/uploads\/2024\/06\/Qualiopi-Capture.png 313w, https:\/\/piuma-conseil.fr\/wp-content\/uploads\/2024\/06\/Qualiopi-Capture-300x176.png 300w\" sizes=\"auto, (max-width: 313px) 100vw, 313px\" \/><\/figure>\n<\/div>\n\n\n<figure class=\"wp-block-image size-full is-resized\"><img loading=\"lazy\" decoding=\"async\" width=\"257\" height=\"263\" src=\"http:\/\/piumacu.cluster029.hosting.ovh.net\/wp-content\/uploads\/2024\/08\/CaptureCPF.png\" alt=\"\" class=\"wp-image-435\" style=\"width:216px;height:auto\"\/><\/figure>\n<\/div>\n\n\n\n<figure class=\"wp-block-image size-full is-style-twentytwentyone-border\"><img loading=\"lazy\" decoding=\"async\" width=\"1004\" height=\"287\" src=\"https:\/\/piuma-conseil.fr\/wp-content\/uploads\/2026\/03\/Indicateurs-4.png\" alt=\"\" class=\"wp-image-489\" srcset=\"https:\/\/piuma-conseil.fr\/wp-content\/uploads\/2026\/03\/Indicateurs-4.png 1004w, https:\/\/piuma-conseil.fr\/wp-content\/uploads\/2026\/03\/Indicateurs-4-300x86.png 300w, https:\/\/piuma-conseil.fr\/wp-content\/uploads\/2026\/03\/Indicateurs-4-768x220.png 768w\" sizes=\"auto, (max-width: 1004px) 100vw, 1004px\" \/><\/figure>\n\n\n\n<div class=\"wp-block-group alignwide is-nowrap is-layout-flex wp-container-core-group-is-layout-ad2f72ca wp-block-group-is-layout-flex\">\n<p class=\"has-text-align-center has-yellow-background-color has-background\" style=\"font-size:20px\"><strong>Vous souhaitez en savoir plus sur l&rsquo;accompagnement dans le cadre d&rsquo;un bilan de comp\u00e9tences? <\/strong><\/p>\n\n\n\n<p class=\"has-text-align-center has-yellow-background-color has-background\" style=\"font-size:20px\"><strong>Je vous propose de nous rencontrer, dans le cadre d&rsquo;un entretien gratuit et sans engagement<\/strong><\/p>\n<\/div>\n\n\n\n<div data-wp-interactive=\"core\/file\" class=\"wp-block-file\"><object data-wp-bind--hidden=\"!state.hasPdfPreview\" hidden class=\"wp-block-file__embed\" data=\"http:\/\/piumacu.cluster029.hosting.ovh.net\/wp-content\/uploads\/2024\/12\/Certificat-Qualiopi_PIUma-Conseil.pdf\" type=\"application\/pdf\" style=\"width:100%;height:600px\" aria-label=\"Contenu embarqu\u00e9 Certificat Qualiopi_PIUma Conseil.\"><\/object><a id=\"wp-block-file--media-9c3a3f02-242e-42ea-b468-4cc29df281bf\" href=\"http:\/\/piumacu.cluster029.hosting.ovh.net\/wp-content\/uploads\/2024\/12\/Certificat-Qualiopi_PIUma-Conseil.pdf\">Certificat Qualiopi_PIUma Conseil<\/a><a href=\"http:\/\/piumacu.cluster029.hosting.ovh.net\/wp-content\/uploads\/2024\/12\/Certificat-Qualiopi_PIUma-Conseil.pdf\" class=\"wp-block-file__button wp-element-button\" download aria-describedby=\"wp-block-file--media-9c3a3f02-242e-42ea-b468-4cc29df281bf\">T\u00e9l\u00e9charger<\/a><\/div>\n\n\n\n<div class=\"wp-block-file\"><a id=\"wp-block-file--media-03440455-8636-4452-bb32-0c0dc9c3409e\" href=\"https:\/\/piuma-conseil.fr\/wp-content\/uploads\/2026\/03\/RI_PIUma-conseil_BC-2.pdf\">R\u00e8glement int\u00e9rieur PIUma conseil<\/a><a href=\"https:\/\/piuma-conseil.fr\/wp-content\/uploads\/2026\/03\/RI_PIUma-conseil_BC-2.pdf\" class=\"wp-block-file__button wp-element-button\" download aria-describedby=\"wp-block-file--media-03440455-8636-4452-bb32-0c0dc9c3409e\">T\u00e9l\u00e9charger<\/a><\/div>\n\n\n\n<p><\/p>\n","protected":false},"excerpt":{"rendered":"<p>Vous souhaitez : Un bilan personnalis\u00e9 centr\u00e9 sur votre besoin dont voici les diff\u00e9rentes \u00e9tapes: Approche humaniste, posture et outils de coaching professionnel pour favoriser l\u2019\u00e9closion d\u2019un projet professionnel r\u00e9aliste et r\u00e9alisable. Espace d\u2019\u00e9coute bienveillante, empathique, authentique mais aussi stimulante, et garantissant la confidentialit\u00e9 des \u00e9changes. Connaissance approfondie du monde de l\u2019entreprise, de l\u2019entreprenariat et&hellip; <a class=\"more-link\" href=\"https:\/\/piuma-conseil.fr\/index.php\/bilans-de-competences\/\">Poursuivre la lecture <span class=\"screen-reader-text\">Bilan de comp\u00e9tences<\/span><\/a><\/p>\n","protected":false},"author":1,"featured_media":0,"parent":0,"menu_order":0,"comment_status":"closed","ping_status":"closed","template":"","meta":{"footnotes":""},"class_list":["post-18","page","type-page","status-publish","hentry","entry"],"_links":{"self":[{"href":"https:\/\/piuma-conseil.fr\/index.php\/wp-json\/wp\/v2\/pages\/18","targetHints":{"allow":["GET"]}}],"collection":[{"href":"https:\/\/piuma-conseil.fr\/index.php\/wp-json\/wp\/v2\/pages"}],"about":[{"href":"https:\/\/piuma-conseil.fr\/index.php\/wp-json\/wp\/v2\/types\/page"}],"author":[{"embeddable":true,"href":"https:\/\/piuma-conseil.fr\/index.php\/wp-json\/wp\/v2\/users\/1"}],"replies":[{"embeddable":true,"href":"https:\/\/piuma-conseil.fr\/index.php\/wp-json\/wp\/v2\/comments?post=18"}],"version-history":[{"count":70,"href":"https:\/\/piuma-conseil.fr\/index.php\/wp-json\/wp\/v2\/pages\/18\/revisions"}],"predecessor-version":[{"id":490,"href":"https:\/\/piuma-conseil.fr\/index.php\/wp-json\/wp\/v2\/pages\/18\/revisions\/490"}],"wp:attachment":[{"href":"https:\/\/piuma-conseil.fr\/index.php\/wp-json\/wp\/v2\/media?parent=18"}],"curies":[{"name":"wp","href":"https:\/\/api.w.org\/{rel}","templated":true}]}}