{"id":13,"date":"2024-01-30T15:03:16","date_gmt":"2024-01-30T14:03:16","guid":{"rendered":"http:\/\/piumacu.cluster029.hosting.ovh.net\/?page_id=13"},"modified":"2026-03-12T10:30:30","modified_gmt":"2026-03-12T09:30:30","slug":"contact","status":"publish","type":"page","link":"https:\/\/piuma-conseil.fr\/index.php\/contact\/","title":{"rendered":"Contact"},"content":{"rendered":"\n<h1 class=\"wp-block-heading has-text-align-center has-gray-color has-white-background-color has-text-color has-background has-link-color has-large-font-size wp-elements-fc2b94cede3afb4967e55ed4c687b78e\" style=\"font-style:normal;font-weight:700\">Vous souhaitez \u00eatre accompagn\u00e9 ou accompagner vos \u00e9quipes? Contactez-moi<\/h1>\n\n\n<div class=\"wp-block-image is-style-rounded\">\n<figure class=\"aligncenter size-full\"><img loading=\"lazy\" decoding=\"async\" width=\"300\" height=\"300\" src=\"http:\/\/piumacu.cluster029.hosting.ovh.net\/wp-content\/uploads\/2024\/01\/1599640505318.jpg\" alt=\"\" class=\"wp-image-92\" srcset=\"https:\/\/piuma-conseil.fr\/wp-content\/uploads\/2024\/01\/1599640505318.jpg 300w, https:\/\/piuma-conseil.fr\/wp-content\/uploads\/2024\/01\/1599640505318-150x150.jpg 150w\" sizes=\"auto, (max-width: 300px) 100vw, 300px\" \/><\/figure>\n<\/div>\n\n\n<p class=\"has-text-align-center has-gray-color has-text-color has-link-color has-normal-font-size wp-elements-b78a7cde7bd2ac1572770b9876505085\">Lauren Loiseau &#8211; PIUma Conseil<\/p>\n\n\n\n<p class=\"has-text-align-center has-gray-color has-text-color has-link-color has-small-font-size wp-elements-9efdc5ac4095eca635f23d9e0f9279c0\"><a href=\"https:\/\/www.linkedin.com\/in\/lauren-loiseau-4561514\/\" target=\"_blank\" rel=\"noreferrer noopener\">https:\/\/www.linkedin.com\/in\/lauren-loiseau-4561514\/<\/a><\/p>\n\n\n\n<p class=\"has-text-align-center has-gray-color has-text-color has-link-color has-small-font-size wp-elements-6de7a20cf1216a28123d4f8aa66d4c39\"><a href=\"mailto:lauren.loiseau@piuma-conseil.fr\">lauren.loiseau@piuma-conseil.fr<\/a><\/p>\n\n\n\n<p class=\"has-text-align-center has-gray-color has-text-color has-link-color has-small-font-size wp-elements-85a54ba89f7ab57a6fc9ffad4e2342de\">06.8016.41.17<\/p>\n\n\n\n<figure class=\"wp-block-gallery has-nested-images columns-default is-cropped wp-block-gallery-1 is-layout-flex wp-block-gallery-is-layout-flex\"><div class=\"wp-block-image\">\n<figure class=\"aligncenter size-large\"><img loading=\"lazy\" decoding=\"async\" width=\"313\" height=\"184\" data-id=\"429\" src=\"http:\/\/piumacu.cluster029.hosting.ovh.net\/wp-content\/uploads\/2024\/06\/Qualiopi-Capture-1.png\" alt=\"\" class=\"wp-image-429\" srcset=\"https:\/\/piuma-conseil.fr\/wp-content\/uploads\/2024\/06\/Qualiopi-Capture-1.png 313w, https:\/\/piuma-conseil.fr\/wp-content\/uploads\/2024\/06\/Qualiopi-Capture-1-300x176.png 300w\" sizes=\"auto, (max-width: 313px) 100vw, 313px\" \/><\/figure>\n<\/div><\/figure>\n\n\n\n<p class=\"has-text-align-center has-dark-gray-color has-text-color has-link-color has-small-font-size wp-elements-e2c4942b6367f663f91a553219ae7ec6\">Accessibilit\u00e9 : pour tout besoin d&rsquo;am\u00e9nagement li\u00e9 \u00e0 une\u00a0situation de handicap, merci de nous contacter.<\/p>\n","protected":false},"excerpt":{"rendered":"<p>Vous souhaitez \u00eatre accompagn\u00e9 ou accompagner vos \u00e9quipes? Contactez-moi Lauren Loiseau &#8211; PIUma Conseil https:\/\/www.linkedin.com\/in\/lauren-loiseau-4561514\/ lauren.loiseau@piuma-conseil.fr 06.8016.41.17 Accessibilit\u00e9 : pour tout besoin d&rsquo;am\u00e9nagement li\u00e9 \u00e0 une\u00a0situation de handicap, merci de nous contacter.<\/p>\n","protected":false},"author":1,"featured_media":0,"parent":0,"menu_order":0,"comment_status":"closed","ping_status":"closed","template":"","meta":{"footnotes":""},"class_list":["post-13","page","type-page","status-publish","hentry","entry"],"_links":{"self":[{"href":"https:\/\/piuma-conseil.fr\/index.php\/wp-json\/wp\/v2\/pages\/13","targetHints":{"allow":["GET"]}}],"collection":[{"href":"https:\/\/piuma-conseil.fr\/index.php\/wp-json\/wp\/v2\/pages"}],"about":[{"href":"https:\/\/piuma-conseil.fr\/index.php\/wp-json\/wp\/v2\/types\/page"}],"author":[{"embeddable":true,"href":"https:\/\/piuma-conseil.fr\/index.php\/wp-json\/wp\/v2\/users\/1"}],"replies":[{"embeddable":true,"href":"https:\/\/piuma-conseil.fr\/index.php\/wp-json\/wp\/v2\/comments?post=13"}],"version-history":[{"count":14,"href":"https:\/\/piuma-conseil.fr\/index.php\/wp-json\/wp\/v2\/pages\/13\/revisions"}],"predecessor-version":[{"id":487,"href":"https:\/\/piuma-conseil.fr\/index.php\/wp-json\/wp\/v2\/pages\/13\/revisions\/487"}],"wp:attachment":[{"href":"https:\/\/piuma-conseil.fr\/index.php\/wp-json\/wp\/v2\/media?parent=13"}],"curies":[{"name":"wp","href":"https:\/\/api.w.org\/{rel}","templated":true}]}}